prime?
True
Is 101672340037 a composite number?
True
Is 219444371 a composite number?
True
Is 10237018853 composite?
True
Is 10348918247 composite?
True
Is 87166873 a composite number?
False
Is 558680933 a prime number?
True
Is 8113810102 a prime number?
False
Is 367292369953 a prime number?
False
Is 60133234223 a prime number?
True
Is 289095659443 composite?
True
Is 703921729 a composite number?
True
Is 2190154597 a prime number?
True
Is 3649442977 a composite number?
True
Is 7550865797 a composite number?
True
Is 8766772187 a prime number?
True
Is 20663892427 composite?
True
Is 9449550769 composite?
True
Is 2335451603 composite?
False
Is 55994427607 prime?
True
Is 920166757 prime?
False
Is 233681671 a prime number?
True
Is 37804258697 a composite number?
False
Is 5074874131 a prime number?
True
Is 9156835343 a composite number?
False
Is 277185481 composite?
True
Is 1124359867 composite?
False
Is 278209717 a prime number?
False
Is 46611101 a composite number?
False
Is 9200096333 a composite number?
True
Is 28919868581 a composite number?
False
Is 1139046809 prime?
True
Is 31611189221 a composite number?
False
Is 43065954541 a composite number?
False
Is 11365787339 a prime number?
False
Is 2980494469 a composite number?
False
Is 1268266577 a composite number?
True
Is 3109806811 composite?
False
Is 95509443011 a prime number?
True
Is 54029644913 a composite number?
False
Is 57701074927 composite?
True
Is 36995347591 prime?
False
Is 69929009341 composite?
False
Is 169372639 a composite number?
False
Is 304289 prime?
False
Is 2737039127 prime?
False
Is 4528723867 a prime number?
True
Is 5119058911 a composite number?
True
Is 39455182307 composite?
True
Is 37891109 a composite number?
False
Is 386802851 composite?
True
Is 363531923 prime?
True
Is 485614189 a prime number?
True
Is 15091169441 a prime number?
True
Is 1023869669 a composite number?
True
Is 1306465703 composite?
True
Is 17026773121 a prime number?
True
Is 11604327391 a composite number?
False
Is 187727513465 composite?
True
Is 130318763 a composite number?
True
Is 1532031889 a composite number?
True
Is 270564494227 a composite number?
True
Is 159766917 a prime number?
False
Is 4457526631 a prime number?
False
Is 739997593 a composite number?
False
Is 2025147409 a prime number?
True
Is 1116761531 a prime number?
False
Is 92102077 a prime number?
True
Is 135484093 a prime number?
False
Is 40712845219 a composite number?
False
Is 18401210351 composite?
False
Is 300281881 a composite number?
False
Is 2683087535 composite?
True
Is 5741448235 prime?
False
Is 28579930301 prime?
False
Is 14955912941 composite?
True
Is 149073523 composite?
True
Is 6054216149 a prime number?
False
Is 25228446611 a prime number?
False
Is 8526394579 a composite number?
True
Is 435244483 a prime number?
False
Is 4310609213 a prime number?
False
Is 995892991 prime?
True
Is 3316468781 a composite number?
True
Is 6430170181 prime?
True
Is 7058855833 prime?
False
Is 1769626483 prime?
False
Is 5150394877 a composite number?
False
Is 6570520067 a composite number?
True
Is 13801442119 composite?
False
Is 6495583897 prime?
False
Is 4185233827 prime?
True
Is 133711964567 composite?
False
Is 2309411269 a composite number?
True
Is 8908581083 a composite number?
True
Is 362750977 a composite number?
True
Is 8625976481 prime?
False
Is 837520107 composite?
True
Is 493782455093 a composite number?
False
Is 1948968271 composite?
False
Is 10888790413 a composite number?
False
Is 19500102631 a composite number?
False
Is 932348314 a prime number?
False
Is 2793782167 composite?
True
Is 1874564047 prime?
False
Is 478005049 a composite number?
False
Is 4714611821 a prime number?
True
Is 23796197 composite?
True
Is 3862960342 a composite number?
True
Is 22428564911 a prime number?
True
Is 2207572799 a composite number?
True
Is 9938311649 prime?
False
Is 1465451327 prime?
True
Is 18055712867 prime?
True
Is 9336201821 a prime number?
True
Is 16208279 a composite number?
True
Is 1260534017 a composite number?
False
Is 3745694779 a prime number?
False
Is 860804666 composite?
True
Is 550946867 composite?
False
Is 8896361359 a prime number?
True
Is 104172153055 prime?
False
Is 3990571573 a composite number?
True
Is 233177689 prime?
True
Is 68461626397 a prime number?
True
Is 6129397613 a prime number?
True
Is 4337173507 a composite number?
True
Is 1525510141 composite?
True
Is 306614827 prime?
True
Is 8831538563 a prime number?
False
Is 3365082857 a composite number?
False
Is 27411962869 composite?
True
Is 291826571203 a composite number?
False
Is 11822275957 composite?
True
Is 40532486783 prime?
False
Is 223588329 a prime number?
False
Is 107750478193 composite?
False
Is 1745247617 composite?
False
Is 238095853 a composite number?
True
Is 2465872691 a composite number?
True
Is 4206414659 a prime number?
True
Is 304502579 prime?
True
Is 125998079 composite?
True
Is 44023335313 prime?
False
Is 34105823 a composite number?
True
Is 5096668939 prime?
False
Is 6395010703 prime?
True
Is 67121473 composite?
False
Is 1356715049 a prime number?
True
Is 10546916059 composite?
True
Is 4414931 prime?
False
Is 3134777839 a composite number?
True
Is 148957583 a composite number?
True
Is 6425010827 a composite number?
True
Is 23003889053 composite?
False
Is 25750588151 a composite number?
False
Is 15609465481 prime?
True
Is 31181959 composite?
False
Is 41492456513 a composite number?
False
Is 21704046317 composite?
False
Is 725163419 a composite number?
True
Is 10528878658 composite?
True
Is 102792707 a prime number?
True
Is 6227034349 prime?
True
Is 67173567349 composite?
True
Is 6484256993 a prime number?
False
Is 4503990077 a prime number?
False
Is 5476599587 composite?
False
Is 3457688749 a composite number?
True
Is 7715280791 a prime number?
True
Is 6684781673 composite?
True
Is 48127199509 composite?
False
Is 77172384073 a composite number?
False
Is 9660217774 prime?
False
Is 25100647391 a prime number?
False
Is 49415642817 prime?
False
Is 2288339033 a composite number?
True
Is 25271260967 a composite number?
True
Is 884227217 prime?
True
Is 440524603 composite?
False
Is 50026159 a prime number?
False
Is 239772940343 prime?
False
Is 2220787329 a prime number?
False
Is 2502772199 a composite number?
False
Is 1475844023 composite?
False
Is 465139223 composite?
False
Is 2934289129 composite?
True
Is 228781417 prime?
False
Is 264113099 a prime number?
True
Is 977060759 a prime number?
False
Is 497372143 composite?
True
Is 132530803 prime?
True
Is 37677226243 composite?
False
Is 79754194463 a composite number?
False
Is 747074249 a composite number?
True
Is 693146737 prime?
True
Is 333982477 composite?
False
Is 123158309 prime?
False
Is 60021436243 prime?
True
Is 14567002654 a composite number?
True
Is 124721715587 prime?
False
Is 38576098423 composite?
False
Is 54423554651 prime?
True
Is 2358675893 prime?
False
Is 61400867 a prime number?
False
Is 500738437 prime?
True
Is 491715119 a composite number?
True
Is 1229748101 prime?
False
Is 13523389589 a prime number?
False
Is 1701116023 a composite number?
True
Is 3273295457 prime?
True
Is 212220313 composite?
False
Is 506911501 a composite number?
False
Is 1543314061 a prime number?
True
Is 1479597529 a prime number?
True
Is 915317089 prime?
False
Is 23611401413 a composite number?
False
Is 838660769 a composite number?
True
Is 142022252003 a composite number?
False
Is 393778237 a prime number?
True
Is 171703771 a prime number?
False
Is 29835231197 a prime number?
False
Is 948377 composite?
False
Is 194112680999 prime?
True
Is 3131189513 prime?
True
Is 26734558157 a prime number?
False
Is 4335785007 prime?
False
Is 5260753957 a prime number?
True
Is 1377952873 composite?
True
Is 4226687189 a composite number?
False
Is 107154816837 composite?
True
Is 5623370009 composite?
True
Is 41132636213 composite?
False
Is 1159840943 composite?
False
Is 818997211 prime?
True
Is 36956252453 a composite number?
True
Is 8748621857 composite?
True
Is 2519745499 composite?
False
Is 571159261 a prime number?
True
Is 54663396517 a prime number?
False
Is 7160650273 a prime number?
False
Is 298790529 a prime number?
False
Is 939278863 composite?
False
Is 64159439 composite?
False
Is 1413630017 a composite number?
False
Is 135